se 8, what is 1374 + -1113?
261
In base 13, what is -4 + -c4c23c?
-c4c243
In base 4, what is -112212 + -1000003?
-1112221
In base 4, what is -212303020321 + 1?
-212303020320
In base 11, what is 5 - 66525954?
-6652594a
In base 6, what is -120212550 - 3?
-120212553
In base 11, what is -12a90538 - -2?
-12a90536
In base 15, what is 108e08 + 2b?
108e34
In base 11, what is -147a7 + -62?
-14859
In base 14, what is 1 - -80c19d?
80c1a0
In base 5, what is -233102 - 20141?
-303243
In base 7, what is 3446135 - -122?
3446260
In base 4, what is -2223111 + 300?
-2222211
In base 13, what is 490b + -4c7?
4414
In base 16, what is -308412 - 18?
-30842a
In base 15, what is -3 + -4ca8c6b?
-4ca8c6e
In base 14, what is -c765 - 35?
-c79a
In base 11, what is -60a1a + -283?
-611a2
In base 6, what is 0 + 331224212?
331224212
In base 7, what is -2136255 + -11?
-2136266
In base 4, what is 103 + 122300111110?
122300111213
In base 16, what is -e4b + 46d5?
388a
In base 8, what is 1 + 2504566?
2504567
In base 13, what is -266 - -b423?
b18a
In base 9, what is -280 - 8033?
-8323
In base 6, what is -53121011 + -14?
-53121025
In base 10, what is 169 + 742861?
743030
In base 3, what is 12120102122 + 122100?
12121001222
In base 11, what is 368695 + 12?
3686a7
In base 7, what is -535 + -1653213?
-1654051
In base 15, what is -d8 + -796ee?
-797d7
In base 5, what is -10 + 1011330243?
1011330233
In base 4, what is -11 + 33213002010?
33213001333
In base 9, what is 258708 + -2558?
256140
In base 5, what is 3 - -23010404223?
23010404231
In base 14, what is -1 + 25d8ba8?
25d8ba7
In base 6, what is -4252 - -12434440?
12430144
In base 16, what is -1 - b6a73a?
-b6a73b
In base 3, what is 101011100 + -10221200220?
-10120112120
In base 9, what is -2831701 - 1?
-2831702
In base 9, what is 3053108 - 105?
3053003
In base 14, what is 16 - d3784?
-d376c
In base 6, what is -12325 - 3051322?
-3104051
In base 10, what is 509850404 + 3?
509850407
In base 9, what is -16 - -1202872?
1202855
In base 2, what is -10100110001011110 - -11011100100?
-10100010101111010
In base 8, what is -10115302 - -6?
-10115274
In base 14, what is 95b8 - -d870?
19048
In base 8, what is -22555461 - 13?
-22555474
In base 4, what is 3 + 122312231?
122312300
In base 13, what is 52b564 + -19?
52b548
In base 13, what is 121bb6cc + 1?
121bb700
In base 8, what is -4532 - 3102?
-7634
In base 2, what is -10 - -110101101101011011101?
110101101101011011011
In base 2, what is 1010001100 + 11001000011110111?
11001001110000011
In base 9, what is -206108 - 185?
-206304
In base 14, what is -b - -9d0c12?
9d0c05
In base 13, what is -2329 - 1672b?
-18a57
In base 3, what is 1001222121 - -202120?
1002202011
In base 6, what is -235034323 - -1?
-235034322
In base 12, what is -b3 + 67a50?
67959
In base 8, what is -672 - -437600?
436706
In base 15, what is -31a6 - -78d?
-2918
In base 8, what is 13216112 + 4?
13216116
In base 7, what is 3360314155 - 1?
3360314154
In base 12, what is 4a4566 - 18?
4a454a
In base 6, what is 5103454353 + 4?
5103454401
In base 13, what is -119462 + 5?
-11945a
In base 12, what is -143 - 1410?
-1553
In base 8, what is -3 - -6625324?
6625321
In base 13, what is -1a031 + 224?
-19b0a
In base 5, what is 1113141334 + 22?
1113141411
In base 2, what is 1 - -11000100100000111011000?
11000100100000111011001
In base 10, what is -5 - -7705456?
7705451
In base 9, what is 2732 - 2454?
267
In base 6, what is -200 - -20332525?
20332325
In base 5, what is 1203303013 + -1?
1203303012
In base 8, what is -47140131 - 7?
-47140140
In base 9, what is 34808706 + 3?
34808710
In base 7, what is 1261 - 402665?
-401404
In base 7, what is 5544060 - -20?
5544110
In base 9, what is 24488651 + -4?
24488646
In base 12, what is -5905b33 - -5?
-5905b2a
In base 2, what is -111110100111100 + -11100001110?
-1000010001001010
In base 7, what is -33004 - -4651?
-25023
In base 9, what is -6676288 - -5?
-6676283
In base 5, what is -3444131 + 42?
-3444034
In base 2, what is 11111010000101110100110 + 101100?
11111010000101111010010
In base 16, what is 5 - 226dffe?
-226dff9
In base 15, what is -5bd + 95629?
9505b
In base 6, what is -53124535432 + -1?
-53124535433
In base 9, what is 1261272865 + 2?
1261272867
In base 6, what is 3201 + -3430455?
-3423254
In base 7, what is 32155 - 1555?
30300
In base 7, what is -52455165 + 3?
-52455162
In base 6, what is -3552124142 - 5?
-3552124151
In base 3, what is 2110200 + -12121121?
-10010221
In base 8, what is -150677226 - 2?
-150677230
In base 15, what is -5a7 + 4689?
40d2
In base 7, what is -6623565 + -20?
-6623615
In base 8, what is -43565 - -46162?
2375
In base 15, what is -5a8 + 13d5?
d2c
In base 12, what is -109 + b39689?
b39580
In base 9, what is 60361 + -2120?
57241
In base 5, what is -2 + 1032211103?
1032211101
In base 4, what is -211211023232 + 33?
-211211023133
In base 10, what is 91759 - -36?
91795
In base 3, what is 201 + 10021122000101?
10021122001002
In base 9, what is 34264676 - 3?
34264673
In base 16, what is 0 + 33e5d?
33e5d
In base 12, what is -464a91 - 259?
-46512a
In base 15, what is -899 - 19a2?
-234b
In base 7, what is 412 + -604252?
-603540
In base 5, what is -2321212 + -123?
-2321340
In base 13, what is -8 - 304875?
-304880
In base 13, what is -12446bc + -c0?
-12447ac
In base 8, what is 12 + 3021160?
3021172
In base 7, what is 152 - 3441?
-3256
In base 15, what is -3 + -1645d5d?
-1645d61
In base 2, what is -1011000111 + 11111011111010?
11110000110011
In base 2, what is 100010101100 - -101110001001?
1010000110101
In base 14, what is 1365c - -186c?
150ca
In base 13, what is 4 + 24959a35?
24959a39
In base 12, what is b9949 + -36?
b9913
In base 8, what is 3432067370 + -5?
3432067363
In base 4, what is 1233212310 + -100?
1233212210
In base 11, what is 58098449 - 1?
58098448
In base 10, what is 55495609 - -20?
55495629
In base 9, what is 624 + 14600?
15324
In base 10, what is -175 + 128098?
127923
In base 16, what is -162a + 3d4?
-1256
In base 14, what is 63 + -2d1d8a7?
-2d1d844
In base 16, what is -d33f + -30e5?
-10424
In base 2, what is 100011001010011001 + 1010111011?
100011010101010100
In base 12, what is -46b084 - -64?
-46b020
In base 10, what is -5245045 - 8?
-5245053
In base 15, what is 25a + -3e39?
-3bce
In base 7, what is 60005513625 - -2?
60005513630
In base 11, what is 355 - -93333?
93688
In base 2, what is 11 - 110110111111100000011010100?
-110110111111100000011010001
In base 5, what is 243244 + -210221?
33023
In base 13, what is 763034 + -a?
763027
In base 8, what is -3 - -35043505?
35043502
In base 15, what is -2 + 2013e7a?
2013e78
In base 16, what is -8564f8 - 2?
-8564fa
In base 16, what is -547 + -7c95?
-81dc
In base 6, what is 133230541 + 0?
133230541
In base 13, what is -26b + -41251?
-414bc
In base 5, what is -11413141110 - -221?
-11413140334
In base 3, what is 1122111220220101 + -10?
1122111220220021
In base 6, what is 11144434 + -2?
11144432
In base 5, what is 113143240 + 24?
113143314
In base 11, what is 4779 + 5892a?
625a8
In base 9, what is 315857818 - 4?
315857814
In base 14, what is -5 - -a24882?
a2487b
In base 9, what is 15014 + -6076?
7827
In base 2, what is -10000011 + -10010100011011110000?
-10010100011101110011
In base 10, what is -15907961 + 2?
-15907959
In base 11, what is 147738 - -1?
147739
In base 6, what is 45003 - -1013045?
1102052
In base 3, what is -111201112021 - 10021?
-111201122112
In base 4, what is -21133 + -233231?
-321030
In base 7, what is 15 + -13634515?
-13634500
In base 13, what is -4 - 764455?
-764459
In base 5, what is -1 + -134103001224?
-134103001230
In base 7, what is -45 + -13656214?
-13656262
In base 15, what is -2 + 792b3ee?
792b3ec
In base 4, what is -33 - -10120200310?
10120200211
In base 7, what is 235 - 34556?
-34321
In base 3, what is 10111201201101 + -11?
10111201201020
In base 10, what is -204 + -409596?
-409800
In base 13, what is 357b87a4 + 5?
357b87a9
In base 9, what is -117731636 - -11?
-117731625
In base 4, what is 210 - -23011233130?
23011300000
In base 11, what is -5 - 104446130?
-104446135
In base 13, what is -5ca1a - 2a?
-5ca47
In base 4, what is -1113031 + -10231?
-1123322
In base 2, what is -101100101111100011000110 + 10110?
-101100101111100010110000
In base 7, what is -33641 - 6233?
-43204
In base 2, what is -1100101011110010 + -11001